{"id":516,"date":"2024-03-01T19:21:55","date_gmt":"2024-03-01T19:21:55","guid":{"rendered":"https:\/\/istanbulbariatrics.com.tr\/?page_id=513"},"modified":"2024-03-01T19:21:55","modified_gmt":"2024-03-01T19:21:55","slug":"tek-anastomozlu-duodenal-switch-sadi-s","status":"publish","type":"page","link":"https:\/\/mehmetaliyerdel.com\/?page_id=516","title":{"rendered":"Tek Anastomozlu Duodenal Switch (SADI-S)"},"content":{"rendered":"\t\t<div data-elementor-type=\"wp-page\" data-elementor-id=\"516\" class=\"elementor elementor-516\">\n\t\t\t\t\t\t<section class=\"elementor-section elementor-top-section elementor-element elementor-element-d3806f7 elementor-section-full_width elementor-section-stretched elementor-section-height-default elementor-section-height-default\" data-id=\"d3806f7\" data-element_type=\"section\" data-settings=\"{&quot;stretch_section&quot;:&quot;section-stretched&quot;}\">\n\t\t\t\t\t\t<div class=\"elementor-container elementor-column-gap-wider\">\n\t\t\t\t\t<div class=\"elementor-column elementor-col-100 elementor-top-column elementor-element elementor-element-caf6059\" data-id=\"caf6059\" data-element_type=\"column\" data-settings=\"{&quot;background_background&quot;:&quot;classic&quot;}\">\n\t\t\t<div class=\"elementor-widget-wrap elementor-element-populated\">\n\t\t\t\t\t\t<section class=\"elementor-section elementor-inner-section elementor-element elementor-element-5d2b40f elementor-section-boxed elementor-section-height-default elementor-section-height-default\" data-id=\"5d2b40f\" data-element_type=\"section\">\n\t\t\t\t\t\t<div class=\"elementor-container elementor-column-gap-default\">\n\t\t\t\t\t<div class=\"elementor-column elementor-col-100 elementor-inner-column elementor-element elementor-element-c2850cc\" data-id=\"c2850cc\" data-element_type=\"column\">\n\t\t\t<div class=\"elementor-widget-wrap elementor-element-populated\">\n\t\t\t\t\t\t<div class=\"elementor-element elementor-element-db378e4 elementor-widget elementor-widget-heading\" data-id=\"db378e4\" data-element_type=\"widget\" data-widget_type=\"heading.default\">\n\t\t\t\t\t<h1 class=\"elementor-heading-title elementor-size-default\">Tek Anastomozlu <span style=\"color:#2B6CF5\">Duodenal Switch<\/span> <br \/>(SADI-S)<\/h1>\t\t\t\t<\/div>\n\t\t\t\t<div class=\"elementor-element elementor-element-88d1f89 elementor-widget elementor-widget-mfn_blockquote\" data-id=\"88d1f89\" data-element_type=\"widget\" data-widget_type=\"mfn_blockquote.default\">\n\t\t\t\t<div class=\"elementor-widget-container\">\n\t\t\t\t\t<div class=\"blockquote\"><span class=\"mfn-blockquote-icon\"><i class=\"icon-quote\" aria-hidden=\"true\"><\/i><\/span><blockquote class=\"mfn-inline-editor\">SADI-S ameliyat\u0131, s\u00fcper obez ve \u00fcst\u00fc hasta grubunda tercih edilebilir. <\/blockquote><\/div>\n\t\t\t\t<\/div>\n\t\t\t\t<\/div>\n\t\t\t\t<div class=\"elementor-element elementor-element-a724182 elementor-widget elementor-widget-heading\" data-id=\"a724182\" data-element_type=\"widget\" data-widget_type=\"heading.default\">\n\t\t\t\t\t<h4 class=\"elementor-heading-title elementor-size-default\">SADI-S Nedir?<\/h4>\t\t\t\t<\/div>\n\t\t\t\t<div class=\"elementor-element elementor-element-5b2e0b9 elementor-widget elementor-widget-text-editor\" data-id=\"5b2e0b9\" data-element_type=\"widget\" data-widget_type=\"text-editor.default\">\n\t\t\t\t\t\t\t\t\t<div class=\"elementor-element elementor-element-e0862ad elementor-widget elementor-widget-text-editor\" data-id=\"e0862ad\" data-element_type=\"widget\" data-widget_type=\"text-editor.default\"><div class=\"elementor-widget-container\"><div class=\"wpb_text_column wpb_content_element \"><div class=\"wpb_wrapper\"><p>Morbid obezite, v\u00fccut kitle indeksi (VK\u0130) 40 kg\/m<sup>2<\/sup> \u00fczerindeki hastalar\u0131 tan\u0131mlamakla birlikte, ayr\u0131ca kendi i\u00e7inde de s\u0131n\u0131flan\u0131r. Buna g\u00f6re, VK\u0130 50 kg\/m<sup>2 <\/sup>\u00fczerinde olan hastalar s\u00fcper obez, 60 kg\/m<sup>2<\/sup> \u00fczerindekiler s\u00fcper s\u00fcper obez olarak s\u0131n\u0131fland\u0131r\u0131l\u0131r. G\u00fcn\u00fcm\u00fcz verileriyle, t\u00fcm d\u00fcnyada en yayg\u0131n olarak uygulanan t\u00fcp mide ameliyat\u0131ndan sonra 1. y\u0131lda ortalama fazla kilolar\u0131n %70\u2019ini kaybedildi\u011fi bilinmektedir. Bu oran, e\u011fer s\u00fcper ya da s\u00fcper s\u00fcper obezse, kilo verme s\u00fcreci tamamland\u0131ktan sonra bile hastan\u0131n halen obezite s\u0131n\u0131rlar\u0131 i\u00e7inde kalmas\u0131na neden olabilir. Bu sebeple bu gibi hastalarda t\u00fcp mide ameliyat\u0131na g\u00f6re daha kuvvetli etki g\u00f6steren bir ameliyat y\u00f6ntemine ihtiya\u00e7 vard\u0131r. Bu ama\u00e7la tek anastomozlu duodenoileal bypass (Single Anastomosis Duodeno-Ileal bypass \u2013 Sleeve gastrectomy) ameliyat\u0131 (SADI-S) uygulanabilir.<\/p><\/div><\/div><\/div><\/div><div class=\"elementor-element elementor-element-89a50db elementor-widget elementor-widget-text-editor\" data-id=\"89a50db\" data-element_type=\"widget\" data-widget_type=\"text-editor.default\"><div class=\"elementor-widget-container\"><div class=\"wpb_text_column wpb_content_element \"><div class=\"wpb_wrapper\"><p><strong>T\u00fcp mide<\/strong> giri\u015fimi; \u015fekil ve Prof. Yerdel taraf\u0131ndan seslendirilmi\u015f \u201canimasyon\u201d \u2018dan da anla\u015f\u0131labilece\u011fi gibi, kar\u0131n \u00f6n duvar\u0131nda b\u00fcy\u00fck kesi yapmaks\u0131z\u0131n milimetrik deliklerden laparoskopik yani \u201ckapal\u0131\u201d olarak midenin % 80 -90 \u2019l\u0131k b\u00f6l\u00fcm\u00fcn\u00fc \u00f6zel ve tek kullan\u0131ml\u0131k \u201cstapler\u201d adl\u0131 el aletlerinin yard\u0131m\u0131 ile kesip \u00e7\u0131kartmaya dayal\u0131 \u201crestriktif\u201d , yani g\u0131da al\u0131n\u0131m\u0131n\u0131 \u201ck\u0131s\u0131tlay\u0131c\u0131\u201d bir giri\u015fimdir.<\/p><p><strong>T\u00fcp mide \/ mide k\u00fc\u00e7\u00fcltme ameliyat\u0131<\/strong> zaman\u0131m\u0131zda t\u00fcm d\u00fcnyada en s\u0131k uygulanan <strong>obezite cerrahisi<\/strong> y\u00f6ntemdir. Usta ellerde bir saatin alt\u0131nda tamamlanabilen bu ameliyat laparoskopik bir giri\u015fimdir. dolay\u0131s\u0131 ile b\u00fcy\u00fck bir kar\u0131n kesisi yoktur ve ameliyat milimetrik deliklerden girilerek yap\u0131lmaktad\u0131r.<\/p><\/div><\/div><\/div><\/div>\t\t\t\t\t\t\t\t<\/div>\n\t\t<div class=\"elementor-element elementor-element-e194cff e-flex e-con-boxed e-con e-parent\" data-id=\"e194cff\" data-element_type=\"container\">\n\t\t\t\t\t<div class=\"e-con-inner\">\n\t\t\t\t<div class=\"elementor-element elementor-element-4e410fe elementor-widget elementor-widget-video\" data-id=\"4e410fe\" data-element_type=\"widget\" data-settings=\"{&quot;youtube_url&quot;:&quot;https:\\\/\\\/youtu.be\\\/rkP3tivRGOo&quot;,&quot;video_type&quot;:&quot;youtube&quot;,&quot;controls&quot;:&quot;yes&quot;}\" data-widget_type=\"video.default\">\n\t\t\t\t\t\t\t<div class=\"elementor-wrapper elementor-open-inline\">\n\t\t\t<div class=\"elementor-video\"><\/div>\t\t<\/div>\n\t\t\t\t\t\t<\/div>\n\t\t\t\t\t<\/div>\n\t\t\t\t<\/div>\n\t\t\t\t<div class=\"elementor-element elementor-element-e3f7d37 elementor-widget elementor-widget-heading\" data-id=\"e3f7d37\" data-element_type=\"widget\" data-widget_type=\"heading.default\">\n\t\t\t\t\t<h4 class=\"elementor-heading-title elementor-size-default\">SADI-S Nas\u0131l Uygulan\u0131r, Nas\u0131l Etki Eder?<\/h4>\t\t\t\t<\/div>\n\t\t\t\t<div class=\"elementor-element elementor-element-b111283 elementor-widget elementor-widget-text-editor\" data-id=\"b111283\" data-element_type=\"widget\" data-widget_type=\"text-editor.default\">\n\t\t\t\t\t\t\t\t\t<p>Kapal\u0131 (laparoskopik) ameliyat tekni\u011fi ile yap\u0131l\u0131r. Bu ameliyat, t\u00fcp mide ameliyat\u0131n\u0131 da kapsamaktad\u0131r. Kural\u0131na uygun bir t\u00fcp mide ameliyat\u0131ndan sonra, oniki parmak ba\u011f\u0131rsa\u011f\u0131 (duodenum) mide \u00e7\u0131k\u0131\u015f\u0131ndan hemen sonra kesilerek kapat\u0131l\u0131r. \u0130nce ba\u011f\u0131rsa\u011f\u0131n son k\u0131sm\u0131 (ileum) ve kal\u0131n ba\u011f\u0131rsa\u011f\u0131n ilk k\u0131sm\u0131n\u0131n (\u00e7ekum) birle\u015fti\u011fi yerin 3 m gerisindeki ba\u011f\u0131rsak b\u00f6l\u00fcm\u00fc yukar\u0131 \u00e7ekilerek mide \u00e7\u0131k\u0131\u015f\u0131ndan hemen sonra kesilmi\u015f olan duodenuma dikilir. B\u00f6ylece, yiyeceklerin bu 3 m uzunluktaki ba\u011f\u0131rsaktan \u00f6nceki ba\u011f\u0131rsak b\u00f6l\u00fcmlerine u\u011framadan<span class=\"Apple-converted-space\">\u00a0 <\/span>ileuma ula\u015fmas\u0131 sa\u011flan\u0131r ve ba\u011f\u0131rsa\u011f\u0131n emilim i\u015flevinin \u00f6nemli bir k\u0131sm\u0131 devre d\u0131\u015f\u0131 kal\u0131r. Ayr\u0131ca, yiyeceklerin ince ba\u011f\u0131rsa\u011f\u0131n son k\u0131sm\u0131na erken ula\u015fmas\u0131yla, v\u00fccutta ya\u011f yak\u0131c\u0131 ve \u015feker hastal\u0131\u011f\u0131 aleyhine bir hormonal ortam olu\u015fur.<\/p>\t\t\t\t\t\t\t\t<\/div>\n\t\t\t\t<div class=\"elementor-element elementor-element-b1aa107 elementor-widget elementor-widget-heading\" data-id=\"b1aa107\" data-element_type=\"widget\" data-widget_type=\"heading.default\">\n\t\t\t\t\t<h4 class=\"elementor-heading-title elementor-size-default\">SADI-S Nas\u0131l Uygulan\u0131r, Nas\u0131l Etki Eder?<\/h4>\t\t\t\t<\/div>\n\t\t\t\t<div class=\"elementor-element elementor-element-ff7c9ac elementor-widget elementor-widget-text-editor\" data-id=\"ff7c9ac\" data-element_type=\"widget\" data-widget_type=\"text-editor.default\">\n\t\t\t\t\t\t\t\t\t<p>Kapal\u0131 (laparoskopik) ameliyat tekni\u011fi ile yap\u0131l\u0131r. Bu ameliyat, t\u00fcp mide ameliyat\u0131n\u0131 da kapsamaktad\u0131r. Kural\u0131na uygun bir t\u00fcp mide ameliyat\u0131ndan sonra, oniki parmak ba\u011f\u0131rsa\u011f\u0131 (duodenum) mide \u00e7\u0131k\u0131\u015f\u0131ndan hemen sonra kesilerek kapat\u0131l\u0131r. \u0130nce ba\u011f\u0131rsa\u011f\u0131n son k\u0131sm\u0131 (ileum) ve kal\u0131n ba\u011f\u0131rsa\u011f\u0131n ilk k\u0131sm\u0131n\u0131n (\u00e7ekum) birle\u015fti\u011fi yerin 3 m gerisindeki ba\u011f\u0131rsak b\u00f6l\u00fcm\u00fc yukar\u0131 \u00e7ekilerek mide \u00e7\u0131k\u0131\u015f\u0131ndan hemen sonra kesilmi\u015f olan duodenuma dikilir. B\u00f6ylece, yiyeceklerin bu 3 m uzunluktaki ba\u011f\u0131rsaktan \u00f6nceki ba\u011f\u0131rsak b\u00f6l\u00fcmlerine u\u011framadan<span class=\"Apple-converted-space\">\u00a0 <\/span>ileuma ula\u015fmas\u0131 sa\u011flan\u0131r ve ba\u011f\u0131rsa\u011f\u0131n emilim i\u015flevinin \u00f6nemli bir k\u0131sm\u0131 devre d\u0131\u015f\u0131 kal\u0131r. Ayr\u0131ca, yiyeceklerin ince ba\u011f\u0131rsa\u011f\u0131n son k\u0131sm\u0131na erken ula\u015fmas\u0131yla, v\u00fccutta ya\u011f yak\u0131c\u0131 ve \u015feker hastal\u0131\u011f\u0131 aleyhine bir hormonal ortam olu\u015fur.<\/p>\t\t\t\t\t\t\t\t<\/div>\n\t\t\t\t<div class=\"elementor-element elementor-element-dab2187 elementor-widget elementor-widget-heading\" data-id=\"dab2187\" data-element_type=\"widget\" data-widget_type=\"heading.default\">\n\t\t\t\t\t<h4 class=\"elementor-heading-title elementor-size-default\">SADI-S Kimlere Ve Ne Zaman Uygulan\u0131r?<\/h4>\t\t\t\t<\/div>\n\t\t\t\t<div class=\"elementor-element elementor-element-3fce71e elementor-widget elementor-widget-text-editor\" data-id=\"3fce71e\" data-element_type=\"widget\" data-widget_type=\"text-editor.default\">\n\t\t\t\t\t\t\t\t\t<p>SADI-S ameliyat\u0131, s\u00fcper obez ve \u00fcst\u00fc hasta grubunda tercih edilebilir. Ameliyat ve sonras\u0131 s\u00fcre\u00e7 hastayla ayr\u0131nt\u0131l\u0131 olarak payla\u015f\u0131ld\u0131ktan sonra birlikte karar verilir. Ameliyat sonras\u0131 s\u00fcre\u00e7 t\u00fcp mide ameliyat\u0131na k\u0131yasla daha zahmetli oldu\u011fundan, hastan\u0131n bu durumun fark\u0131nda olmas\u0131 \u00e7ok \u00f6nemlidir. Baz\u0131 hastalarda bu ameliyat iki a\u015famal\u0131 olarak da planlanabilir. Birinci a\u015famada t\u00fcp mide ameliyat\u0131 yap\u0131ld\u0131ktan sonra, takip s\u00fcresince arzu edildi\u011fi kadar kilo veremeyen hastalarda ameliyat\u0131n SADI b\u00f6l\u00fcm\u00fc ikinci bir seansla eklenebilir. B\u00f6ylece, sadece t\u00fcp mide ameliyat\u0131n\u0131n yeterli olmad\u0131\u011f\u0131ndan ya\u015fayarak emin olunmu\u015f olur.<\/p><p>SADI-S di\u011fer ameliyat y\u00f6ntemlerine g\u00f6re hem kilo vermede, hem de \u015feker hastal\u0131\u011f\u0131 kontrol\u00fcnde olduk\u00e7a iyi sonu\u00e7lar\u0131 olan bir ameliyatt\u0131r. Fazla kilolar\u0131n kaybedilme oran\u0131 t\u00fcp mide ameliyat\u0131nda % 70\u2019ler dolay\u0131nda iken, SADI-S ameliyat\u0131nda bu oran % 85-90\u2019lar\u0131 bulmaktad\u0131r. S\u00fcper obez ve \u00fczeri s\u0131n\u0131ftaki hastalar i\u00e7in bu \u00e7ok \u00f6nemlidir.<span class=\"Apple-converted-space\">\u00a0<\/span><\/p>\t\t\t\t\t\t\t\t<\/div>\n\t\t\t\t<div class=\"elementor-element elementor-element-7f2f550 elementor-widget elementor-widget-heading\" data-id=\"7f2f550\" data-element_type=\"widget\" data-widget_type=\"heading.default\">\n\t\t\t\t\t<h4 class=\"elementor-heading-title elementor-size-default\">SADI-S Ameliyat\u0131n\u0131n Sonu\u00e7lar\u0131 Nas\u0131ld\u0131r?<\/h4>\t\t\t\t<\/div>\n\t\t\t\t<div class=\"elementor-element elementor-element-14b0d98 elementor-widget elementor-widget-text-editor\" data-id=\"14b0d98\" data-element_type=\"widget\" data-widget_type=\"text-editor.default\">\n\t\t\t\t\t\t\t\t\t<p>SADI-S ameliyat\u0131 gerek kilo vermede, gerekse \u015feker hastal\u0131\u011f\u0131n\u0131n kontrol\u00fcnde \u00e7ok daha ba\u015far\u0131l\u0131 sonu\u00e7lar vaadetmesine ra\u011fmen bu avantaj belirli bedeller kar\u015f\u0131l\u0131\u011f\u0131nda olmaktad\u0131r. T\u00fcp mide ameliyatr\u0131ndan sonra hemen hemen hi\u00e7 g\u00f6r\u00fclmezken, SADI-S ameliyat\u0131ndan sonra vitamin mineral eksiklikleri, protein eksiklikleri daha s\u0131k g\u00f6r\u00fclebilmektedir. Bunun yan\u0131nda ameliyatta mide ba\u011f\u0131rsak sistemi anatomisi de\u011fi\u015ftirildi\u011finden dolay\u0131 buna ba\u011fl\u0131 ba\u011f\u0131rsak t\u0131kan\u0131kl\u0131klar\u0131 nadiren de olsa g\u00f6r\u00fclebilir. Yiyeceklerin ge\u00e7ti\u011fi ba\u011f\u0131rsak uzunlu\u011funun hat\u0131r\u0131 say\u0131l\u0131r derecede azalmas\u0131 sebebi ile emilim bozuldu\u011fundan, s\u0131k ve sulu d\u0131\u015fk\u0131lama, bunun yan\u0131nda ya\u011f sindirimindeki bozulmadan dolay\u0131 k\u00f6t\u00fc kokulu gaz \u00e7\u0131karma, bu ameliyat sonras\u0131nda olu\u015fabilecek sorunlard\u0131r.<\/p>\t\t\t\t\t\t\t\t<\/div>\n\t\t\t\t\t<\/div>\n\t\t<\/div>\n\t\t\t\t\t<\/div>\n\t\t<\/section>\n\t\t\t\t\t<\/div>\n\t\t<\/div>\n\t\t\t\t\t<\/div>\n\t\t<\/section>\n\t\t\t\t<section class=\"elementor-section elementor-top-section elementor-element elementor-element-5455fbc6 elementor-section-full_width elementor-section-stretched elementor-section-height-default elementor-section-height-default\" data-id=\"5455fbc6\" data-element_type=\"section\" data-settings=\"{&quot;stretch_section&quot;:&quot;section-stretched&quot;}\">\n\t\t\t\t\t\t<div class=\"elementor-container elementor-column-gap-wider\">\n\t\t\t\t\t<div class=\"elementor-column elementor-col-100 elementor-top-column elementor-element elementor-element-36769391\" data-id=\"36769391\" data-element_type=\"column\">\n\t\t\t<div class=\"elementor-widget-wrap elementor-element-populated\">\n\t\t\t\t\t\t<section class=\"elementor-section elementor-inner-section elementor-element elementor-element-2a4b9e7a elementor-section-boxed elementor-section-height-default elementor-section-height-default\" data-id=\"2a4b9e7a\" data-element_type=\"section\" data-settings=\"{&quot;background_background&quot;:&quot;classic&quot;}\">\n\t\t\t\t\t\t<div class=\"elementor-container elementor-column-gap-default\">\n\t\t\t\t\t<div class=\"elementor-column elementor-col-100 elementor-inner-column elementor-element elementor-element-3e52fec6\" data-id=\"3e52fec6\" data-element_type=\"column\" data-settings=\"{&quot;background_background&quot;:&quot;classic&quot;}\">\n\t\t\t<div class=\"elementor-widget-wrap elementor-element-populated\">\n\t\t\t\t\t\t<div class=\"elementor-element elementor-element-4d0afd31 elementor-widget elementor-widget-image\" data-id=\"4d0afd31\" data-element_type=\"widget\" data-widget_type=\"image.default\">\n\t\t\t\t\t\t\t\t\t\t\t\t\t\t\t<img decoding=\"async\" src=\"https:\/\/istanbulbariatrics.com.tr\/wp-content\/uploads\/2022\/10\/bedoctor-icon4.svg\" title=\"\" alt=\"\" loading=\"lazy\" \/>\t\t\t\t\t\t\t\t\t\t\t\t\t\t\t<\/div>\n\t\t\t\t<div class=\"elementor-element elementor-element-74b9943b elementor-widget elementor-widget-text-editor\" data-id=\"74b9943b\" data-element_type=\"widget\" data-widget_type=\"text-editor.default\">\n\t\t\t\t\t\t\t\t\t<p><strong>Ameliyat<\/strong>, size tek ba\u015f\u0131n\u0131za ba\u015faramayaca\u011f\u0131n\u0131z kilo hedefinize ula\u015fmaya yard\u0131m ediyor.<\/p><p>Bu ba\u015far\u0131y\u0131, sa\u011fl\u0131kl\u0131 bir \u015fekilde s\u00fcrd\u00fcrebilmenizde <strong><em>profesyonel ekibimiz<\/em><\/strong>, size <strong>\u00f6m\u00fcr boyu destek<\/strong> sunuyor.<\/p><p>Amac\u0131m\u0131z; sizi her daim sa\u011fl\u0131kl\u0131, <strong>mutlu<\/strong> ve <strong>fit<\/strong> g\u00f6rmek.<\/p>\t\t\t\t\t\t\t\t<\/div>\n\t\t\t\t\t<\/div>\n\t\t<\/div>\n\t\t\t\t\t<\/div>\n\t\t<\/section>\n\t\t\t\t\t<\/div>\n\t\t<\/div>\n\t\t\t\t\t<\/div>\n\t\t<\/section>\n\t\t\t\t<\/div>\n\t\t","protected":false},"excerpt":{"rendered":"<p>Tek Anastomozlu Duodenal Switch (SADI-S) SADI-S ameliyat\u0131, s\u00fcper obez ve \u00fcst\u00fc hasta grubunda tercih edilebilir. SADI-S Nedir? Morbid obezite, v\u00fccut kitle indeksi (VK\u0130) 40 kg\/m2 \u00fczerindeki<span class=\"excerpt-hellip\"> [\u2026]<\/span><\/p>\n","protected":false},"author":1,"featured_media":0,"parent":479,"menu_order":0,"comment_status":"open","ping_status":"closed","template":"","meta":{"footnotes":""},"class_list":["post-516","page","type-page","status-publish","hentry"],"_links":{"self":[{"href":"https:\/\/mehmetaliyerdel.com\/index.php?rest_route=\/wp\/v2\/pages\/516","targetHints":{"allow":["GET"]}}],"collection":[{"href":"https:\/\/mehmetaliyerdel.com\/index.php?rest_route=\/wp\/v2\/pages"}],"about":[{"href":"https:\/\/mehmetaliyerdel.com\/index.php?rest_route=\/wp\/v2\/types\/page"}],"author":[{"embeddable":true,"href":"https:\/\/mehmetaliyerdel.com\/index.php?rest_route=\/wp\/v2\/users\/1"}],"replies":[{"embeddable":true,"href":"https:\/\/mehmetaliyerdel.com\/index.php?rest_route=%2Fwp%2Fv2%2Fcomments&post=516"}],"version-history":[{"count":0,"href":"https:\/\/mehmetaliyerdel.com\/index.php?rest_route=\/wp\/v2\/pages\/516\/revisions"}],"up":[{"embeddable":true,"href":"https:\/\/mehmetaliyerdel.com\/index.php?rest_route=\/wp\/v2\/pages\/479"}],"wp:attachment":[{"href":"https:\/\/mehmetaliyerdel.com\/index.php?rest_route=%2Fwp%2Fv2%2Fmedia&parent=516"}],"curies":[{"name":"wp","href":"https:\/\/api.w.org\/{rel}","templated":true}]}}