{"id":546,"date":"2024-03-02T06:30:09","date_gmt":"2024-03-02T06:30:09","guid":{"rendered":"https:\/\/istanbulbariatrics.com.tr\/?page_id=546"},"modified":"2024-03-02T06:30:09","modified_gmt":"2024-03-02T06:30:09","slug":"mide-balonu","status":"publish","type":"page","link":"https:\/\/mehmetaliyerdel.com\/?page_id=546","title":{"rendered":"Mide Balonu"},"content":{"rendered":"\t\t<div data-elementor-type=\"wp-page\" data-elementor-id=\"546\" class=\"elementor elementor-546\">\n\t\t\t\t\t\t<section class=\"elementor-section elementor-top-section elementor-element elementor-element-d3806f7 elementor-section-full_width elementor-section-stretched elementor-section-height-default elementor-section-height-default\" data-id=\"d3806f7\" data-element_type=\"section\" data-settings=\"{&quot;stretch_section&quot;:&quot;section-stretched&quot;}\">\n\t\t\t\t\t\t<div class=\"elementor-container elementor-column-gap-wider\">\n\t\t\t\t\t<div class=\"elementor-column elementor-col-100 elementor-top-column elementor-element elementor-element-caf6059\" data-id=\"caf6059\" data-element_type=\"column\" data-settings=\"{&quot;background_background&quot;:&quot;classic&quot;}\">\n\t\t\t<div class=\"elementor-widget-wrap elementor-element-populated\">\n\t\t\t\t\t\t<section class=\"elementor-section elementor-inner-section elementor-element elementor-element-5d2b40f elementor-section-boxed elementor-section-height-default elementor-section-height-default\" data-id=\"5d2b40f\" data-element_type=\"section\">\n\t\t\t\t\t\t<div class=\"elementor-container elementor-column-gap-default\">\n\t\t\t\t\t<div class=\"elementor-column elementor-col-100 elementor-inner-column elementor-element elementor-element-c2850cc\" data-id=\"c2850cc\" data-element_type=\"column\">\n\t\t\t<div class=\"elementor-widget-wrap elementor-element-populated\">\n\t\t\t\t\t\t<div class=\"elementor-element elementor-element-db378e4 elementor-widget elementor-widget-heading\" data-id=\"db378e4\" data-element_type=\"widget\" data-widget_type=\"heading.default\">\n\t\t\t\t\t<h1 class=\"elementor-heading-title elementor-size-default\">Mide <span style=\"color:#2B6CF5\">Balonu<\/span> Tedavisi<\/h1>\t\t\t\t<\/div>\n\t\t\t\t<div class=\"elementor-element elementor-element-88d1f89 elementor-widget elementor-widget-mfn_blockquote\" data-id=\"88d1f89\" data-element_type=\"widget\" data-widget_type=\"mfn_blockquote.default\">\n\t\t\t\t<div class=\"elementor-widget-container\">\n\t\t\t\t\t<div class=\"blockquote\"><span class=\"mfn-blockquote-icon\"><i class=\"icon-quote\" aria-hidden=\"true\"><\/i><\/span><blockquote class=\"mfn-inline-editor\">Mide balonu ile ama\u00e7lanan; midenin g\u0131da alma kapasitesini d\u00fc\u015f\u00fcrerek kalori al\u0131n\u0131m\u0131n\u0131 k\u0131s\u0131tlamakt\u0131r. Bu y\u00f6ntem morbid obeziteyi tedavi edemez. Nadiren ge\u00e7ici ve yard\u0131mc\u0131 ama\u00e7la kullan\u0131labilir<\/blockquote><\/div>\n\t\t\t\t<\/div>\n\t\t\t\t<\/div>\n\t\t\t\t<div class=\"elementor-element elementor-element-a724182 elementor-widget elementor-widget-heading\" data-id=\"a724182\" data-element_type=\"widget\" data-widget_type=\"heading.default\">\n\t\t\t\t\t<h4 class=\"elementor-heading-title elementor-size-default\">Mide Balonu Nedir?<\/h4>\t\t\t\t<\/div>\n\t\t\t\t<div class=\"elementor-element elementor-element-63b205a elementor-widget elementor-widget-heading\" data-id=\"63b205a\" data-element_type=\"widget\" data-widget_type=\"heading.default\">\n\t\t\t\t\t<h5 class=\"elementor-heading-title elementor-size-default\">Bu Bir Ameliyat M\u0131d\u0131r?<\/h5>\t\t\t\t<\/div>\n\t\t<div class=\"elementor-element elementor-element-ac6cc0b e-flex e-con-boxed e-con e-parent\" data-id=\"ac6cc0b\" data-element_type=\"container\">\n\t\t\t\t\t<div class=\"e-con-inner\">\n\t\t\t\t<div class=\"elementor-element elementor-element-75f0c64 elementor-widget elementor-widget-image\" data-id=\"75f0c64\" data-element_type=\"widget\" data-widget_type=\"image.default\">\n\t\t\t\t\t\t\t\t\t\t\t\t\t\t\t<img fetchpriority=\"high\" decoding=\"async\" width=\"300\" height=\"300\" src=\"https:\/\/mehmetaliyerdel.com\/wp-content\/uploads\/2024\/03\/mide-balonu-3.jpg\" class=\"attachment-large size-large wp-image-548\" alt=\"\" srcset=\"https:\/\/mehmetaliyerdel.com\/wp-content\/uploads\/2024\/03\/mide-balonu-3.jpg 300w, https:\/\/mehmetaliyerdel.com\/wp-content\/uploads\/2024\/03\/mide-balonu-3-150x150.jpg 150w, https:\/\/mehmetaliyerdel.com\/wp-content\/uploads\/2024\/03\/mide-balonu-3-75x75.jpg 75w\" sizes=\"(max-width:767px) 300px, 300px\" \/>\t\t\t\t\t\t\t\t\t\t\t\t\t\t\t<\/div>\n\t\t\t\t\t<\/div>\n\t\t\t\t<\/div>\n\t\t\t\t<div class=\"elementor-element elementor-element-5b2e0b9 elementor-widget elementor-widget-text-editor\" data-id=\"5b2e0b9\" data-element_type=\"widget\" data-widget_type=\"text-editor.default\">\n\t\t\t\t\t\t\t\t\t<p>Mideye balon konulmas\u0131 endoskopik olarak yap\u0131lan bir yard\u0131mc\u0131 y\u00f6ntem olup bir ameliyat de\u011fildir. Ayr\u0131ca balon tak\u0131lmas\u0131 morbid obezite tedavisinde cerrahi y\u00f6ntemlere bir alternatif de kesinlikle de\u011fildir. Yani morbid obeziteyi gideremez. \u00d6te yandan tamamen ge\u00e7ersiz ve kimsede kullan\u0131lmamas\u0131 gereken bilim d\u0131\u015f\u0131 bir i\u015flem oldu\u011fu da s\u00f6ylenemez.<\/p><p>Bu i\u015flemi \u00f6zetlemek gerekirse; sedasyon ile yani hasta uyutulurken yap\u0131lan endoskopi ile mide i\u00e7erisinde herhangi bir engel g\u00f6r\u00fclmedikten sonra, endoskopik y\u00f6ntemle mide i\u00e7erisine s\u00f6n\u00fck bir balon yerle\u015ftirilir ve ard\u0131ndan i\u00e7erisine metilen mavisi (boyar madde) i\u00e7eren serum enjekte edilerek balon \u015fi\u015firilir. Hastan\u0131n midesinde yerle\u015ftirilen adeta bir yumruk b\u00fcy\u00fckl\u00fc\u011f\u00fcnde olan bu balon midenin g\u0131da alma kapasitesini d\u00fc\u015f\u00fcrerek g\u0131da al\u0131n\u0131m\u0131n\u0131 k\u0131s\u0131tlamakt\u0131r. Uygulamas\u0131 zor olmayan ve makul riskleri olan bir giri\u015fimdir. Bu y\u00f6ntemle hastalar diyetisyen g\u00f6zetiminde kilo verebilmektedir. Bu y\u00f6ntemde de diyet ve egzersiz kilo verimi i\u00e7in \u015fartt\u0131r. Beden kitle indeksi 27-33 aral\u0131\u011f\u0131nda olan ki\u015filere ve obezite ameliyat\u0131na haz\u0131rlanan ancak diyet yapma problemi olan super-super obez ki\u015filere ameliyat \u00f6ncesinde haz\u0131rl\u0131k kapsam\u0131nda uygulanan bir y\u00f6ntemdir. Bu y\u00f6ntemle kilo verimi 10-15 kilo civar\u0131nda olabilmekle beraber ki\u015fiden ki\u015fiye de\u011fi\u015fmektedir. Konulan balon 1 y\u0131la kadar mide i\u00e7inde kalabilmektedir. Balon \u00e7\u0131kar\u0131ld\u0131ktan sonra midede herhangi bir boyut de\u011fi\u015fimi olmad\u0131\u011f\u0131ndan verilen kilolar\u0131n geri al\u0131nma riski bulunmaktad\u0131r. Bu nedenle balonla ya\u015fayan ki\u015filerin ya\u015fam standart de\u011fi\u015fimi ve yeme al\u0131\u015fkanl\u0131klar\u0131 ile ilgili de\u011fi\u015fimi sa\u011flamalar\u0131 gerekmektedir. Bu a\u015famada klini\u011fimizde diyetisyen ve psikolog deste\u011fi ameliyat hastalar\u0131m\u0131za oldu\u011fu gibi balon tak\u0131lm\u0131\u015f olan hastalar\u0131m\u0131za da verilmektedir.<\/p>\t\t\t\t\t\t\t\t<\/div>\n\t\t<div class=\"elementor-element elementor-element-e194cff e-flex e-con-boxed e-con e-parent\" data-id=\"e194cff\" data-element_type=\"container\">\n\t\t\t\t\t<div class=\"e-con-inner\">\n\t\t\t\t<div class=\"elementor-element elementor-element-4e410fe elementor-widget elementor-widget-video\" data-id=\"4e410fe\" data-element_type=\"widget\" data-settings=\"{&quot;youtube_url&quot;:&quot;https:\\\/\\\/youtu.be\\\/VgLVeZABVzI&quot;,&quot;video_type&quot;:&quot;youtube&quot;,&quot;controls&quot;:&quot;yes&quot;}\" data-widget_type=\"video.default\">\n\t\t\t\t\t\t\t<div class=\"elementor-wrapper elementor-open-inline\">\n\t\t\t<div class=\"elementor-video\"><\/div>\t\t<\/div>\n\t\t\t\t\t\t<\/div>\n\t\t\t\t\t<\/div>\n\t\t\t\t<\/div>\n\t\t<div class=\"elementor-element elementor-element-e3245f6 e-flex e-con-boxed e-con e-parent\" data-id=\"e3245f6\" data-element_type=\"container\">\n\t\t\t\t\t<div class=\"e-con-inner\">\n\t\t\t\t<div class=\"elementor-element elementor-element-87e5c7e elementor-widget elementor-widget-video\" data-id=\"87e5c7e\" data-element_type=\"widget\" data-settings=\"{&quot;youtube_url&quot;:&quot;https:\\\/\\\/youtu.be\\\/ws6tUz_iCNQ&quot;,&quot;video_type&quot;:&quot;youtube&quot;,&quot;controls&quot;:&quot;yes&quot;}\" data-widget_type=\"video.default\">\n\t\t\t\t\t\t\t<div class=\"elementor-wrapper elementor-open-inline\">\n\t\t\t<div class=\"elementor-video\"><\/div>\t\t<\/div>\n\t\t\t\t\t\t<\/div>\n\t\t\t\t\t<\/div>\n\t\t\t\t<\/div>\n\t\t\t\t\t<\/div>\n\t\t<\/div>\n\t\t\t\t\t<\/div>\n\t\t<\/section>\n\t\t\t\t\t<\/div>\n\t\t<\/div>\n\t\t\t\t\t<\/div>\n\t\t<\/section>\n\t\t\t\t<section class=\"elementor-section elementor-top-section elementor-element elementor-element-4fdc9af9 elementor-section-full_width elementor-section-stretched elementor-section-height-default elementor-section-height-default\" data-id=\"4fdc9af9\" data-element_type=\"section\" data-settings=\"{&quot;stretch_section&quot;:&quot;section-stretched&quot;}\">\n\t\t\t\t\t\t<div class=\"elementor-container elementor-column-gap-wider\">\n\t\t\t\t\t<div class=\"elementor-column elementor-col-100 elementor-top-column elementor-element elementor-element-4ce7c2b0\" data-id=\"4ce7c2b0\" data-element_type=\"column\">\n\t\t\t<div class=\"elementor-widget-wrap elementor-element-populated\">\n\t\t\t\t\t\t<section class=\"elementor-section elementor-inner-section elementor-element elementor-element-52d31262 elementor-section-boxed elementor-section-height-default elementor-section-height-default\" data-id=\"52d31262\" data-element_type=\"section\" data-settings=\"{&quot;background_background&quot;:&quot;classic&quot;}\">\n\t\t\t\t\t\t<div class=\"elementor-container elementor-column-gap-default\">\n\t\t\t\t\t<div class=\"elementor-column elementor-col-100 elementor-inner-column elementor-element elementor-element-3358089\" data-id=\"3358089\" data-element_type=\"column\" data-settings=\"{&quot;background_background&quot;:&quot;classic&quot;}\">\n\t\t\t<div class=\"elementor-widget-wrap elementor-element-populated\">\n\t\t\t\t\t\t<div class=\"elementor-element elementor-element-50149bc2 elementor-widget elementor-widget-image\" data-id=\"50149bc2\" data-element_type=\"widget\" data-widget_type=\"image.default\">\n\t\t\t\t\t\t\t\t\t\t\t\t\t\t\t<img decoding=\"async\" src=\"https:\/\/istanbulbariatrics.com.tr\/wp-content\/uploads\/2022\/10\/bedoctor-icon4.svg\" title=\"\" alt=\"\" loading=\"lazy\" \/>\t\t\t\t\t\t\t\t\t\t\t\t\t\t\t<\/div>\n\t\t\t\t<div class=\"elementor-element elementor-element-5b22a436 elementor-widget elementor-widget-text-editor\" data-id=\"5b22a436\" data-element_type=\"widget\" data-widget_type=\"text-editor.default\">\n\t\t\t\t\t\t\t\t\t<p><strong>Ameliyat<\/strong>, size tek ba\u015f\u0131n\u0131za ba\u015faramayaca\u011f\u0131n\u0131z kilo hedefinize ula\u015fmaya yard\u0131m ediyor.<\/p><p>Bu ba\u015far\u0131y\u0131, sa\u011fl\u0131kl\u0131 bir \u015fekilde s\u00fcrd\u00fcrebilmenizde <strong><em>profesyonel ekibimiz<\/em><\/strong>, size <strong>\u00f6m\u00fcr boyu destek<\/strong> sunuyor.<\/p><p>Amac\u0131m\u0131z; sizi her daim sa\u011fl\u0131kl\u0131, <strong>mutlu<\/strong> ve <strong>fit<\/strong> g\u00f6rmek.<\/p>\t\t\t\t\t\t\t\t<\/div>\n\t\t\t\t\t<\/div>\n\t\t<\/div>\n\t\t\t\t\t<\/div>\n\t\t<\/section>\n\t\t\t\t\t<\/div>\n\t\t<\/div>\n\t\t\t\t\t<\/div>\n\t\t<\/section>\n\t\t\t\t<\/div>\n\t\t","protected":false},"excerpt":{"rendered":"<p>Mide Balonu Tedavisi Mide balonu ile ama\u00e7lanan; midenin g\u0131da alma kapasitesini d\u00fc\u015f\u00fcrerek kalori al\u0131n\u0131m\u0131n\u0131 k\u0131s\u0131tlamakt\u0131r. Bu y\u00f6ntem morbid obeziteyi tedavi edemez. Nadiren ge\u00e7ici ve yard\u0131mc\u0131 ama\u00e7la<span class=\"excerpt-hellip\"> [\u2026]<\/span><\/p>\n","protected":false},"author":1,"featured_media":0,"parent":475,"menu_order":0,"comment_status":"open","ping_status":"closed","template":"","meta":{"footnotes":""},"class_list":["post-546","page","type-page","status-publish","hentry"],"_links":{"self":[{"href":"https:\/\/mehmetaliyerdel.com\/index.php?rest_route=\/wp\/v2\/pages\/546","targetHints":{"allow":["GET"]}}],"collection":[{"href":"https:\/\/mehmetaliyerdel.com\/index.php?rest_route=\/wp\/v2\/pages"}],"about":[{"href":"https:\/\/mehmetaliyerdel.com\/index.php?rest_route=\/wp\/v2\/types\/page"}],"author":[{"embeddable":true,"href":"https:\/\/mehmetaliyerdel.com\/index.php?rest_route=\/wp\/v2\/users\/1"}],"replies":[{"embeddable":true,"href":"https:\/\/mehmetaliyerdel.com\/index.php?rest_route=%2Fwp%2Fv2%2Fcomments&post=546"}],"version-history":[{"count":0,"href":"https:\/\/mehmetaliyerdel.com\/index.php?rest_route=\/wp\/v2\/pages\/546\/revisions"}],"up":[{"embeddable":true,"href":"https:\/\/mehmetaliyerdel.com\/index.php?rest_route=\/wp\/v2\/pages\/475"}],"wp:attachment":[{"href":"https:\/\/mehmetaliyerdel.com\/index.php?rest_route=%2Fwp%2Fv2%2Fmedia&parent=546"}],"curies":[{"name":"wp","href":"https:\/\/api.w.org\/{rel}","templated":true}]}}